07?
7
What is the ten thousands digit of 580430?
8
What is the hundreds digit of 7392919?
9
What is the hundred thousands digit of 2268525?
2
What is the units digit of 271572?
2
What is the units digit of 402445?
5
What is the units digit of 4228143?
3
What is the units digit of 296329?
9
What is the thousands digit of 5464544?
4
What is the thousands digit of 3286138?
6
What is the hundred thousands digit of 625742?
6
What is the tens digit of 125240?
4
What is the hundred thousands digit of 920536?
9
What is the millions digit of 10306607?
0
What is the thousands digit of 107751?
7
What is the millions digit of 3756106?
3
What is the tens digit of 27386414?
1
What is the millions digit of 16557384?
6
What is the hundred thousands digit of 3355016?
3
What is the hundreds digit of 186629?
6
What is the units digit of 1271782?
2
What is the tens digit of 1405167?
6
What is the units digit of 52919?
9
What is the units digit of 1691171?
1
What is the tens digit of 658383?
8
What is the millions digit of 4693243?
4
What is the tens digit of 247365?
6
What is the ten thousands digit of 19963885?
6
What is the units digit of 10343794?
4
What is the hundreds digit of 448244?
2
What is the units digit of 960140?
0
What is the hundreds digit of 256738?
7
What is the units digit of 16466131?
1
What is the units digit of 1893379?
9
What is the units digit of 1193766?
6
What is the hundreds digit of 2085406?
4
What is the ten thousands digit of 3416468?
1
What is the ten thousands digit of 257865?
5
What is the ten millions digit of 10125555?
1
What is the ten thousands digit of 345449?
4
What is the tens digit of 522507?
0
What is the hundreds digit of 174979?
9
What is the hundred thousands digit of 381162?
3
What is the thousands digit of 13170241?
0
What is the hundred thousands digit of 1582402?
5
What is the hundred thousands digit of 183828?
1
What is the thousands digit of 29228270?
8
What is the tens digit of 4747950?
5
What is the thousands digit of 3494118?
4
What is the ten thousands digit of 1191644?
9
What is the units digit of 26761648?
8
What is the hundred thousands digit of 476157?
4
What is the units digit of 176141?
1
What is the tens digit of 193822?
2
What is the hundred thousands digit of 197071?
1
What is the hundreds digit of 20425854?
8
What is the thousands digit of 115400?
5
What is the ten thousands digit of 387667?
8
What is the tens digit of 3777?
7
What is the hundreds digit of 26625444?
4
What is the units digit of 2298257?
7
What is the thousands digit of 17616417?
6
What is the hundreds digit of 212753?
7
What is the millions digit of 16423202?
6
What is the units digit of 14866756?
6
What is the hundreds digit of 177456?
4
What is the hundred thousands digit of 424835?
4
What is the tens digit of 245141?
4
What is the millions digit of 20882288?
0
What is the ten thousands digit of 2195778?
9
What is the hundreds digit of 303032?
0
What is the hundreds digit of 102480?
4
What is the tens digit of 4333358?
5
What is the ten thousands digit of 3216042?
1
What is the ten thousands digit of 232309?
3
What is the units digit of 25350830?
0
What is the thousands digit of 5047730?
7
What is the units digit of 5748126?
6
What is the tens digit of 295215?
1
What is the units digit of 1225418?
8
What is the thousands digit of 269790?
9
What is the hundred thousands digit of 4188459?
1
What is the thousands digit of 867659?
7
What is the tens digit of 331029?
2
What is the ten thousands digit of 256077?
5
What is the tens digit of 705568?
6
What is the thousands digit of 195676?
5
What is the ten thousands digit of 656494?
5
What is the units digit of 34103216?
6
What is the units digit of 2508447?
7
What is the units digit of 3201555?
5
What is the tens digit of 27867?
6
What is the hundreds digit of 2389725?
7
What is the ten millions digit of 10085119?
1
What is the hundreds digit of 544316?
3
What is the units digit of 32654307?
7
What is the tens digit of 82065?
6
What is the thousands digit of 5282074?
2
What is the ten thousands digit of 895615?
9
What is the thousands digit of 1577775?
7
What is the millions digit of 1796327?
1
What is the tens digit of 8485127?
2
What is the hundreds digit of 688376?
3
What is the units digit of 2201285?
5
What is the units digit of 545757?
7
What is the hundreds digit of 9336715?
7
What is the tens digit of 176762?
6
What is the millions digit of 24879427?
4
What is the hundred thousands digit of 9653975?
6
What is the thousands digit of 42724?
2
What is the ten thousands digit of 3028547?
2
What is the ten millions digit of 13097556?
1
What is the ten thousands digit of 116936?
1
What is the ten millions digit of 11302807?
1
What is the tens digit of 365107?
0
What is the hundred thousands digit of 4163204?
1
What is the thousands digit of 1790378?
0
What is the thousands digit of 2709304?
9
What is the hundreds digit of 348605?
6
What is the hundreds digit of 3797136?
1
What is the hundred thousands digit of 9417543?
4
What is the units digit of 242465?
5
What is the units digit of 154638?
8
What is the hundred thousands digit of 272403?
2
What is the hundred thousands digit of 5682142?
6
What is the thousands digit of 226553?
6
What is the ten thousands digit of 256843?
5
What is the thousands digit of 648424?
8
What is the tens digit of 283049?
4
What is the units digit of 616859?
9
What is the hundreds digit of 16418430?
4
What is the thousands digit of 137594?
7
What is the tens digit of 335657?
5
What is the tens digit of 729391?
9
What is the millions digit of 9156371?
9
What is the ten thousands digit of 120630?
2
What is the hundred thousands digit of 8447605?
4
What is the hundreds digit of 4594638?
6
What is the millions digit of 1070750?
1
What is the units digit of 447458?
8
What is the hundred thousands digit of 5133901?
1
What is the hundreds digit of 19190928?
9
What is the units digit of 524176?
6
What is the tens digit of 3874100?
0
What is the ten thousands digit of 1007370?
0
What is the ten thousands digit of 126399?
2
What is the tens digit of 21266?
6
What is the hundreds digit of 241415?
4
What is the ten thousands digit of 1291631?
9
What is the hundred thousands digit of 960812?
9
What is the tens digit of 75709?
0
What is the hundred thousands digit of 21038952?
0
What is the units digit of 180982?
2
What is the ten thousands digit of 69988?
6
What is the thousands digit of 16433?
6
What is the ten thousands digit of 361544?
6
What is the units digit of 2724541?
1
What is the thousands digit of 7667307?
7
What is the millions digit of 1005750?
1
What is the tens digit of 4884778?
7
What is the hundred thousands digit of 1404517?
4
What is the units digit of 18622811?
1
What is the hundreds digit of 46803?
8
What is the hundred thousands digit of 178857?
1
What is the hundreds digit of 248824?
8
What is the hundreds digit of 13313727?
7
What is the thousands digit of 22527876?
7
What is the tens digit of 1500973?
7
What is the ten millions digit of 16725686?
1
What is the ten millions digit of 22463756?
2
What is the ten thousands digit of 4293454?
9
What is the ten thousands digit of 739431?
3
What is the units digit of 4626728?
8
What is the hundred thousands digit of 372589?
3
What is the hundred thousands digit of 1631805?
6
What is the units digit of 853568?
8
What is the ten thousands digit of 14100774?
0
What is the tens digit of 623841?
4
What is the hundreds digit of 445884?
8
What is the units digit of 61514?
4
What is the tens digit of 7515081?
8
What is the units digit of 15321?
1
What is the ten thousands digit of 19840283?
4
What is the units digit of 261754?
4
What is the ten thousands digit of 802121?
0
What is the units digit of 259397?
7
What is the thousands digit of 2470362?
0
What is the hundred thousands digit of 1220876?
2
What is the thousands digit of 6249616?
9
What is the units digit of 33466?
6
What is the thousands digit of 537709?
7
What is the hundred thousands digit of 779188?
7
What is the ten millions digit of 24893215?
2
What is the thousands digit of 35073355?
3
What is the hundred thousands digit of 293265?
2
What is the ten thousands digit of 169193?
6
What is the millions digit of 1746518?
1
What is the thousands di